?
15
What is the greatest common factor of 2 and 271222?
2
What is the highest common divisor of 1924 and 3146?
26
What is the greatest common divisor of 2396003 and 43?
43
Calculate the highest common factor of 26595 and 270.
135
What is the greatest common factor of 69 and 56994?
69
What is the greatest common factor of 109286 and 4?
2
Calculate the highest common divisor of 200 and 8748.
4
Calculate the highest common factor of 3382 and 1406.
38
What is the highest common divisor of 3008 and 47987?
47
What is the greatest common factor of 663024 and 152?
152
Calculate the greatest common divisor of 7630 and 6250.
10
What is the greatest common divisor of 891 and 15957?
81
Calculate the highest common factor of 10044 and 12.
12
What is the greatest common divisor of 2061 and 27?
9
Calculate the highest common divisor of 33678 and 54.
18
What is the greatest common factor of 14540 and 117047?
727
Calculate the highest common divisor of 103244 and 318.
106
What is the greatest common factor of 72436 and 4914?
182
Calculate the greatest common factor of 25504 and 26301.
797
What is the highest common divisor of 23659 and 590?
59
Calculate the highest common divisor of 126816 and 72.
24
Calculate the highest common factor of 221184 and 324.
108
Calculate the highest common divisor of 6 and 92166.
6
What is the greatest common factor of 44620 and 575?
115
What is the highest common divisor of 4215606 and 228?
114
Calculate the highest common factor of 14679 and 1239.
21
What is the highest common divisor of 5809 and 25277?
157
What is the highest common factor of 966 and 1073226?
966
Calculate the highest common divisor of 77352 and 781.
11
Calculate the greatest common factor of 147 and 31521.
21
What is the highest common factor of 2255 and 5555?
55
What is the highest common factor of 233884 and 84?
28
What is the highest common factor of 2646 and 182?
14
What is the highest common divisor of 459 and 17952?
51
Calculate the greatest common divisor of 5321052 and 11.
11
Calculate the highest common factor of 2496 and 28.
4
What is the greatest common factor of 250 and 201125?
125
What is the highest common factor of 10138 and 10686?
274
What is the highest common factor of 1491597 and 51?
51
Calculate the highest common divisor of 18 and 6546.
6
Calculate the highest common divisor of 3201 and 2343.
33
Calculate the greatest common divisor of 67204 and 1484.
212
What is the greatest common factor of 7328 and 272968?
1832
What is the greatest common factor of 61567 and 4727?
29
Calculate the greatest common factor of 736 and 290444.
92
Calculate the greatest common factor of 710 and 368845.
355
Calculate the highest common divisor of 4052739 and 179.
179
Calculate the highest common divisor of 914 and 8869913.
457
What is the highest common divisor of 200850 and 1300?
650
What is the highest common divisor of 15 and 320490?
15
Calculate the greatest common divisor of 1258 and 3026.
34
What is the highest common divisor of 2511 and 3267?
27
Calculate the highest common factor of 229 and 10637279.
229
What is the highest common factor of 173151 and 265?
53
What is the highest common factor of 423391 and 37?
37
What is the highest common factor of 224 and 78?
2
Calculate the greatest common divisor of 3416 and 68747.
427
Calculate the highest common divisor of 120287 and 259.
37
What is the highest common divisor of 5 and 784425?
5
Calculate the greatest common factor of 1055187 and 630.
63
What is the highest common factor of 30795 and 9?
3
Calculate the highest common divisor of 102060 and 280.
140
Calculate the greatest common factor of 5047182 and 42.
42
Calculate the greatest common factor of 4239 and 24335.
157
Calculate the highest common factor of 2898534 and 17.
17
Calculate the greatest common factor of 1220608 and 298.
298
Calculate the highest common divisor of 4215 and 135.
15
What is the greatest common factor of 754 and 1450?
58
Calculate the highest common divisor of 616 and 90398.
154
What is the greatest common factor of 104 and 1261572?
52
Calculate the highest common factor of 1 and 10090.
1
What is the greatest common divisor of 38610 and 117?
117
Calculate the highest common factor of 353 and 663287.
353
What is the highest common divisor of 309 and 87?
3
What is the highest common divisor of 144 and 1064640?
48
What is the highest common factor of 1596 and 11932?
76
What is the highest common divisor of 614 and 58023?
307
Calculate the greatest common factor of 165000 and 5700.
300
What is the greatest common divisor of 764 and 7833674?
382
Calculate the highest common divisor of 425 and 148325.
425
What is the greatest common divisor of 110 and 78155?
55
Calculate the highest common factor of 1521170 and 124.
62
Calculate the highest common factor of 7312 and 776.
8
What is the highest common divisor of 947072 and 882?
98
Calculate the highest common divisor of 2097 and 27.
9
What is the greatest common divisor of 12 and 46524?
12
What is the greatest common divisor of 880 and 2704?
16
What is the greatest common divisor of 978562 and 26?
26
Calculate the highest common factor of 32 and 3082064.
16
Calculate the greatest common factor of 297 and 51.
3
What is the highest common divisor of 674 and 779818?
674
Calculate the greatest common factor of 38844 and 88644.
996
Calculate the highest common factor of 3857 and 1711.
29
What is the greatest common divisor of 580 and 123460?
20
Calculate the highest common factor of 11 and 5429831.
11
What is the highest common factor of 13574 and 16659?
617
What is the greatest common divisor of 108981 and 9?
9
What is the highest common factor of 16531 and 793?
61
What is the greatest common factor of 139132 and 56?
28
What is the greatest common factor of 333 and 18093?
111
What is the greatest common divisor of 298 and 152725?
149
Calculate the highest common factor of 117 and 2635971.
39
Calculate the highest common divisor of 26393 and 4.
1
What is the highest common divisor of 6244 and 302388?
892
Calculate the greatest common divisor of 8805 and 21735.
15
What is the greatest common factor of 85 and 4073642?
17
What is the greatest common factor of 1230 and 63550?
410
Calculate the highest common factor of 3810 and 508.
254
Calculate the greatest common divisor of 3199 and 43872.
457
Calculate the highest common divisor of 227493 and 5382.
207
Calculate the greatest common divisor of 2710 and 3730.
10
Calculate the greatest common divisor of 32416 and 64.
32
What is the greatest common divisor of 129267 and 72?
9
Calculate the highest common divisor of 5859 and 8505.
189
Calculate the greatest common divisor of 1856 and 465972.
116
Calculate the highest common divisor of 304920 and 21.
21
Calculate the highest common factor of 90 and 21402.
18
Calculate the greatest common factor of 340 and 158542.
34
Calculate the highest common factor of 280422 and 324.
162
What is the greatest common factor of 876 and 282?
6
What is the highest common divisor of 1670 and 247828?
334
Calculate the highest common factor of 6 and 65732.
2
What is the greatest common divisor of 6618 and 2569990?
2206
Calculate the highest common factor of 8802200 and 22.
22
What is the greatest common factor of 264 and 348?
12
What is the highest common factor of 4545 and 95?
5
What is the greatest common divisor of 30 and 1638?
6
Calculate the highest common divisor of 986 and 94520.
34
What is the greatest common divisor of 87948 and 1008?
252
Calculate the greatest common factor of 644 and 3381.
161
Calculate the greatest common factor of 46620 and 95340.
420
Calculate the greatest common divisor of 371349 and 1116.
279
What is the greatest common divisor of 40203 and 1566?
27
Calculate the greatest common divisor of 613890 and 57.
57
What is the greatest common factor of 85472 and 96?
32
What is the greatest common divisor of 68 and 17833?
17
What is the greatest common divisor of 422530 and 940?
470
Calculate the greatest common factor of 109130 and 2030.
70
Calculate the greatest common factor of 3765 and 99898.
251
What is the greatest common factor of 7711 and 3223?
11
What is the highest common factor of 9666 and 14857?
179
What is the greatest common factor of 23884 and 224?
28
Calculate the greatest